10)/(-2) - 24/18*3. Give h(s).
5
Let d = -4 + 3. Let v be (3 + -2)*(d + 4). Let k = v + 0. Let w(s) = s - 3. Give w(k).
0
Suppose z = -0*z. Suppose z = 4*x - 0 + 24. Let c(k) be the third derivative of k**4/8 + 4*k**3/3 - 9*k**2. Determine c(x).
-10
Let m(y) = 3*y**2 + 42*y - 42. Let b be m(-15). Let f(t) = -3*t**2 + t**3 - 4 + 2*t + 2*t + 0*t. Determine f(b).
8
Let r(u) be the first derivative of u**4/8 - u**3 + 17*u**2/2 - 35. Let l(b) be the second derivative of r(b). Give l(6).
12
Let b(i) = -i**2 - 8*i - 10. Let a be -1 - -2 - 6 - (-51 - -53). Calculate b(a).
-3
Suppose 0 = 10*a - 6*a - 12. Suppose -z - 24 + 3 = 3*v, -3*v - a = -2*z. Let l(j) = -4585 + 8*j + 4585 + j**2. Determine l(z).
-12
Let v(u) = u + 2. Let o(w) be the third derivative of w**6/120 + w**5/60 - 5*w**4/24 - w**3/6 + 8*w**2. Let b be o(-3). Calculate v(b).
-2
Let r(z) be the second derivative of z**4/12 + z**3/6 - 27*z**2/2 - 11*z + 3. Let l(p) = -p**3 + p**2 + 3*p - 2. Let t be l(2). Determine r(t).
-27
Let j(l) = 13*l - 2. Let o be 3/(-4) - (-270)/40. Suppose -5*m = -o*m + 2. Give j(m).
24
Let h(v) = -v**3 + 8*v**2 - 6*v + 8. Suppose 3*q = 2*m - 18, -m - 2*q = 5 - 7. Give h(m).
44
Suppose 2*w - 2 = 5*r - 10*r, 2*w + 4 = -2*r. Let v(k) = -4*k**2 + 2*k. What is v(r)?
-12
Let x(p) be the third derivative of 0 - 1/24*p**4 + 1/30*p**5 + 4*p**2 + 1/3*p**3 + 1/120*p**6 + 0*p. Determine x(-2).
4
Let v be (2 - (-3 + 2))/(-1). Let l(r) = -12*r**2 - 2*r. Let u(m) = 14*m**2 + 2*m. Let b(y) = 6*l(y) + 5*u(y). Determine b(v).
-12
Let y(u) = -3*u - 20. Let g be y(-8). Let n(i) = 8*i - g - 4*i + 6. Calculate n(-5).
-18
Suppose -l - 4 + 48 = 0. Let a(f) = 7*f**2 - l + 74 - 36 + f**3. What is a(-7)?
-6
Let j be 0 + -1 + 1 - -7. Let v(x) be the first derivative of x**3/6 - 2*x**2 + 81*x - 30. Let w(u) be the first derivative of v(u). Calculate w(j).
3
Let z(l) = l**2 - 2*l - 22. Let m be z(-5). Suppose -6*g = m - 31. Let c(j) = j - 2. Give c(g).
1
Let g(b) be the third derivative of 0 - 1/24*b**4 - 5/6*b**3 + 7*b**2 + 0*b. Let d = -12 + 8. Calculate g(d).
-1
Suppose -8*x + 27 = x. Let t(m) = -4 + 2*m - 2 + 3 - x*m. Give t(-9).
6
Let d be 4 - ((-24)/(-4) - 5 - -8). Let c(m) = 3*m + 12. What is c(d)?
-3
Let v be (-3 - (5 + -9))*3. Let x(k) = -k - 3. Give x(v).
-6
Let n be 0 - -1 - 5*11/55. Let p(y) = 9 - y - y**2 + 5*y**3 + 5 + 2 - 4*y**3. Calculate p(n).
16
Let b(j) = -2*j**2 + j + 39. Let i(p) = p**2 - p - 21. Let d(k) = 4*b(k) + 7*i(k). What is d(-4)?
5
Let i(b) = b**2 + 20*b + 80. Let v be i(-14). Let c(g) = 7*g + 3. Give c(v).
-25
Let g(o) be the first derivative of 4*o + 51 - 3/2*o**2. Calculate g(5).
-11
Suppose -3*u - 2 - 4 = 4*t, 0 = 4*u + 2*t - 2. Let g(h) be the second derivative of 0 + 5*h + h**u - 1/3*h**3. Calculate g(3).
-4
Let x(d) = d**2 + 6*d - 1. Let z(k) = 2*k**2 + k + 4. Let w(h) = -x(h) + z(h). Let b be 22/6 + 4/(-6). Let i be 0 + (-10)/((-6)/b). Calculate w(i).
5
Let y(q) = -10*q**2 - 142*q - 22. Let f be y(-14). Let t(g) = -5*g**2 - 7*g + 6. Let u(h) = -11*h**2 - 14*h + 13. Let o(n) = 13*t(n) - 6*u(n). Calculate o(f).
-6
Let a = 8 + -6. Suppose 3*z + r = 36, 3*z = 7*z + 3*r - 43. Let x(g) = -3 + 1 + z*g + g**a - 14*g. Calculate x(2).
0
Let u(h) be the first derivative of h**4/4 + h**3/3 + h**2/2 - 2*h - 190. Suppose 0 = 4*r - 3*r - 8. Suppose r*w = 3*w. Give u(w).
-2
Let j(r) = r**3 + 3*r**2 - 2*r + 2. Let y(b) = 12*b + 45. Let i be y(-4). Calculate j(i).
8
Suppose 70 = -13*u + 18. Let c(l) be the third derivative of -l**5/60 - l**4/6 - l**3/6 - 4*l**2. What is c(u)?
-1
Let c(v) be the second derivative of -11*v + 5/6*v**3 - v**2 - 1/20*v**5 + 0 + 5/12*v**4. Determine c(6).
-8
Let b be 0*(-3)/9 - 0. Let z(o) = 0*o**2 - 8*o + 6*o - 1 + b*o**2 - o**2. Calculate z(-4).
-9
Let r(t) = -t**2 - 4*t + 1. Let g(c) = 165 - 79 - 80 + c. Let u be g(-11). What is r(u)?
-4
Let s(b) = -9*b - 2. Suppose 80*r - 51 = 97*r. What is s(r)?
25
Let m(x) be the second derivative of x**4/6 - 8*x**3/3 + x + 810. What is m(8)?
0
Let u(b) = -b**2 + 9*b - 6. Suppose 78 = 9*t - 3. Give u(t).
-6
Let o(c) be the third derivative of c**5/120 + 2*c**3 + 8*c**2. Let i(q) be the first derivative of o(q). What is i(-1)?
-1
Suppose 0*k - 10 = -2*c - 2*k, 14 = 2*c + 4*k. Let h(p) be the third derivative of p**4/24 - p**3/2 + 406*p**2 + 1. What is h(c)?
0
Let g(d) be the third derivative of -d**5/60 - 5*d**4/24 - d**3/6 - d**2. Suppose 0 = 4*c + 7 - 27. Suppose -c*q - 14 - 11 = 0. Give g(q).
-1
Let f(a) = 2*a - 1. Suppose 4*s - 56 = 4*h - 20, 5*h + 41 = 4*s. Suppose -s*t = -2*z + t + 9, z + t = 15. Let o be (13 - z)/((-2)/4). What is f(o)?
-5
Let q(x) = 5*x**2 - 8*x + 1. Let d(u) = -u**2 + 3*u. Let c(r) = -6*d(r) - 2*q(r). Give c(3).
-44
Let j be (-14)/8 + (-2)/8. Let c(v) = -3*v + 1. Let d(x) = 5*x - 2. Let r(g) = 2*c(g) + d(g). Determine r(j).
2
Suppose 3 = i + 2. Let w(f) be the first derivative of -f + 23 + 3/2*f**2. Calculate w(i).
2
Let m be -1*(-2 + (-10)/(-2)). Let z(r) = -6*r**2 + 2*r + 5. Let v(q) = -11*q**2 + 2*q + 8. Let j(p) = -3*v(p) + 5*z(p). Determine j(m).
16
Let k(r) = -2*r**2 - 15*r - 2. Let t be k(-7). Let p(n) = n**2 - 7*n + 7. Calculate p(t).
-3
Suppose 0 = 322*i - 330*i + 64. Let v(h) = -h**3 + 7*h**2 + 9*h - 12. Calculate v(i).
-4
Let o(k) be the second derivative of 5*k**3/2 + 5*k**2 + 398*k. What is o(-1)?
-5
Suppose i + 3 = 0, 4*u = i - 2 + 13. Let z(y) = -y**2 - 5*y + 6. Let f(j) = 2*j**2 + 6*j - 7. Let p(q) = 3*f(q) + 4*z(q). Calculate p(u).
7
Let w(q) = 49*q - 152*q - 18 + 51*q + 51*q. Give w(5).
-23
Suppose 15*a - 18*a - 6 = 0. Let x(y) = -y**2 + y + 2. Let n be x(a). Let r(u) = u**2 + 2*u - 4. Calculate r(n).
4
Let y(w) = w**3 + 15*w**2 + 15*w + 20. Let b be y(-14). Let s(r) be the second derivative of r**4/12 - 2*r**3/3 - 7*r**2/2 - r. What is s(b)?
5
Let n(l) = -4*l + 1. Let a be n(-1). Let u = -12 + a. Let i(w) = 5*w - 2. Let j(h) = 4*h - 2. Let q(m) = -5*i(m) + 6*j(m). Give q(u).
5
Let v(k) = 3*k + 11. Let t(d) = d**2 - 2. Let b(r) = 3*t(r) + v(r). Give b(-4).
41
Let i(u) = -u**2 - 6*u + 2. Let k = 50 - 30. Suppose -y = 4*y - k. Suppose -y*d = -2*p - 0*p - 16, -5*p - 28 = 2*d. What is i(p)?
2
Let z(y) be the first derivative of -7*y**4/4 + y**2/2 + y + 1133. Let j = -4 - 0. Let b = j + 3. Calculate z(b).
7
Let s(t) = -2*t**3 + 4*t**2 + 3. Let i(m) = 2*m**2 + 16*m - 8. Let o be i(-9). Let a be (-2)/(16/(-20))*12/o. Determine s(a).
-15
Let d(s) = -3*s**3 + 10*s**2 - 2*s - 5. Let c(h) = 4*h**3 - 11*h**2 + 3*h + 6. Let q(r) = 2*c(r) + 3*d(r). Let j = 206 - 198. Determine q(j).
-3
Let o(k) = k + 10. Let x be o(-12). Let y be (1*-1)/x - 25/(-50). Let h(z) be the second derivative of -z**4/12 + z**2/2 - z. What is h(y)?
0
Let m(q) = q**3 + 5*q**2 + 3*q + 5. Let d = 2 + -6. Let g(w) = -w + 4. Let r be g(d). Let i = r + -12. Give m(i).
9
Let l be -1*(-1)/(-1)*0. Suppose l*j = -2*j + 8. Let i(u) = -2*u - 4. What is i(j)?
-12
Suppose -4*s = -76*f + 75*f - 23, f - 17 = -4*s. Let l(y) = -3*y - 6. Determine l(f).
3
Let i(s) be the first derivative of s**4/4 - 22*s**3/3 - s**2 + 36*s - 484. Calculate i(22).
-8
Let w(s) = -s**3 - 1267*s - 9 + 0*s**3 + 1268*s - 5*s**2 + 3. Determine w(-6).
24
Let d(z) be the second derivative of -z**5/20 - 5*z**4/12 - 2*z**3/3 - 3*z**2 - 13*z. Determine d(-4).
-6
Suppose 132*z - 121*z = -55. Let g(y) be the second derivative of y**3/6 + 7*y**2/2 + y. What is g(z)?
2
Let n(s) = -2*s - 44 + 4*s + 61. Determine n(-7).
3
Let r(b) = b**2 - b + 22. Let o(c) = -2*c**2 + 2*c + 1. Let p(k) = -o(k) - r(k). Calculate p(0).
-23
Let u(y) be the second derivative of y**3/6 + 86*y - 2. Let s(i) = i**2 - i + 7. Let a be s(0). What is u(a)?
7
Let s(f) = -2*f**2 - 1 - 3*f + 3*f + f**3. Let p = -2040 - -2038. Give s(p).
-17
Let s(q) = 3*q + 1 - q - 3*q. Suppose 6*i - 110 = -16*i. Determine s(i).
-4
Let z(h) = 3*h + 27. Suppose -4*d - 18 = 2*c, 0 = -26*d + 30*d - 3*c + 23. Give z(d).
12
Let r(g) be the second derivative of -7*g + 5/3*g**3 - 2*g**2 + 0 - 1/12*g**4. Determine r(9).
5
Suppose -7*k + 54 = 96. Let q(a) = a**2 + 7*a - 4. Calculate q(k).
-10
Let a = -1389 - -1383. Let g(r) = -2 - 2*r - 6 - 1. Determine g(a).
3
Let q(v) = 29*v - 6. Let z(h) = -40*h + 8. Let y(a) = 7*q(a) + 5*z(a). Suppose -5*t + 32 = 3*u, -5*t + 1 + 23 = u. Determine y(t).
10
Suppose -17*r + 